(-56) - 6/8 composite?
True
Suppose -2*d = 4*l - 2708572, -3*d + 218*l = 216*l - 4062890. Is d a composite number?
True
Suppose 0 = 2*t - 2*a + 52, -6*t - 22 = -5*t + a. Is 929/5*3 + t/60 prime?
True
Suppose 233685606 - 87819249 = 117*x. Is x a prime number?
False
Let m = 15062 + 207341. Is m prime?
True
Let h = 214614 + -120319. Is (2/1)/(-5 + 471485/h) prime?
True
Suppose 112*s - 296*s + 19250632 = 0. Is s a prime number?
True
Let b(u) = 6920*u - 1759. Is b(3) a composite number?
False
Suppose -4*s + 33*s - 9*s = 437180. Is s a composite number?
False
Suppose 18 = c + 4*d, 0*c - 5*d - 51 = -4*c. Suppose -12*x - 4 = -c*x. Suppose -x*b - 1818 = -5092. Is b a prime number?
True
Let f(t) = 23755*t**2 - 47*t - 47. Is f(-1) prime?
False
Suppose 5*w - 112675 = 4*p, -13*w - 112651 = 4*p - 10*w. Let m = p + 46991. Is m a prime number?
False
Suppose 4*h + 12 = 3*u, 0 = -3*u - 2*h - h - 9. Suppose 0 = -5*b - 6*o + 3*o + 15955, -5*b + 4*o + 15990 = u. Is b a composite number?
True
Let c(k) = 4*k**2 - k + 6. Let i be c(2). Is i + -24 + 2/1*2131 a prime number?
False
Suppose 842 = -6*s - 2488. Is s/(-6)*(-28)/(-10) a prime number?
False
Is ((-27501208)/(-608))/(7/8) composite?
True
Suppose 272 = 4*u + 304. Is ((-3)/(-36)*3)/(u/(-14176)) a composite number?
False
Is (-8 - -16)/8 + 15891 + 1 prime?
False
Is ((-1035)/105)/(-23) + 1384132/14 a composite number?
False
Suppose 0 = 10*r - 11*r - 2*t + 7776, 4*r - 31116 = 4*t. Let i = r - 4183. Is i a composite number?
True
Let h = -17 - -27. Suppose -5*g + 10 + h = 0. Suppose 0 = 4*v - m - 2535, 2*m - 639 = -v + g*m. Is v a prime number?
False
Suppose 58*b - 277066 - 139679 - 304949 = 0. Is b a prime number?
False
Let s = 450 + -296. Suppose s + 140 = 2*k + 2*b, 0 = 3*k - 5*b - 425. Is k a composite number?
True
Let q be 3*(-4)/66 - (-26)/22. Let l be (q/3)/(8/(-24))*-197. Let a = l + -76. Is a a prime number?
False
Let x = -41 - -42. Let v be (x + 20/(-12))*(0 + -3). Suppose -v*w - 300 = -2*m, 0*m + 4*w = 2*m - 302. Is m prime?
True
Is (45744 - -7)/(-3 + 4) a prime number?
True
Is (-90)/(-60) + (-565516)/(-8) a composite number?
True
Let n be (15/(-25))/((-6)/20). Suppose 3*w - 5 - 24 = v, -n*w + v + 18 = 0. Let l(j) = 4*j**2 - 20*j - 5. Is l(w) composite?
True
Suppose -2*b + 10 = 12. Let t(a) = a. Let y(o) = 57*o + 43. Let n(m) = b*y(m) + 3*t(m). Is n(-20) composite?
True
Suppose m - 3 = -1. Suppose m*j - 411 = j - 5*i, -5*i - 2115 = -5*j. Suppose 3*f - j = -112. Is f a composite number?
False
Suppose 3*y = 5*g + 393705, 262466 = 2*y - 33*g + 29*g. Is y a composite number?
True
Let u = -1143 + 751. Let c = u + 533. Is c prime?
False
Let b(g) = 11*g**3 + 18*g**2 + 14*g + 2. Is b(15) composite?
False
Let m = 488235 + -153982. Is m prime?
False
Suppose -3*t - 454007 = -2*d, -5*t + 908069 = 4*d - 0*t. Is d a composite number?
False
Let k = 418 - -850. Let f be (15/25)/(2/10). Suppose -835 - k = -f*c. Is c a prime number?
True
Suppose 5*f - 4*x - 77 = 103, 0 = f + x - 27. Let j be (2 - f/14) + 2187/(-63). Let q = 2486 - j. Is q a composite number?
False
Let t(d) = 113*d**2 + 5*d + 279. Is t(16) composite?
False
Let k(f) = 3*f**3 + 16*f**2 - 8*f - 10. Suppose 14*l = 46*l - 416. Is k(l) prime?
True
Let h(k) = -7*k - 20. Let l be h(-3). Let q be 3/(-15)*-5 + l. Suppose c = 3*r - 3117, 2*c + 4156 = 4*r - q*c. Is r a composite number?
False
Is 30739 + (-2 - -2)*-1 + -56 + 56 a composite number?
True
Suppose -5*x - 12899 + 43739 = -p, -12336 = -2*x + 4*p. Suppose 4*r - 4*l = x, 1627 = 2*r + 3*l - 1462. Is r a composite number?
False
Let p be (-4)/26 - (4 + (-6)/39). Let n(z) = -z**2 - 2*z + 8. Let q be n(p). Is 7*2 + (q - -1)*-1 a prime number?
True
Let v(i) = -38*i + 19. Let s be v(17). Let f = -115 - s. Suppose -a = -4*m - 0*a + f, 0 = 4*a - 16. Is m composite?
True
Let i(l) be the second derivative of -l**5/20 + 5*l**4/4 + 3*l**3/2 + 25*l**2/2 + 33*l - 2. Is i(-10) prime?
False
Let v(s) = -26*s**3 + 11*s**2 - 14*s + 50. Is v(-9) a composite number?
False
Let a(o) be the second derivative of o**4 + 5*o**3/2 + o**2/2 - o - 37. Is a(-9) a composite number?
True
Let f(y) = -13008*y + 2957. Is f(-34) a composite number?
False
Suppose 64*x - 9214133 - 313381 = 13*x. Is x prime?
False
Suppose -1 = 2*x - 7. Suppose -37 = 4*p + x. Let s(g) = g**3 + 10*g**2 - 3*g - 15. Is s(p) a composite number?
True
Suppose -2*p + 162111 = -5*x, -45*x = 2*p - 43*x - 162104. Is p a composite number?
True
Suppose -16223410 + 1529949 = -63*l + 15830606. Is l a composite number?
True
Let o be (2/4*0)/(2 + -5). Suppose o = -39*f + 34*f + 178775. Is f a prime number?
False
Let y(f) = -639*f**3 - 8*f**2 - 2*f - 7. Is y(-2) a composite number?
False
Is (149 + -156)/(7/(-622957)) composite?
False
Suppose 3*y = -m + 1109, m - 4*y + 49 - 1172 = 0. Is m prime?
False
Suppose -r = 2, -r = 5*y + 3*r - 8687. Suppose 4*g - 2976 = -4*h, 7*h = 2*h - 20. Let i = y - g. Is i a prime number?
True
Let g(v) = -174*v + 16. Let n be g(-5). Let x = n - 381. Is x a composite number?
True
Let b(d) = d**3 - 15*d**2 + 26*d + 1. Let x be b(13). Is 0 + x - 409320/(-45) composite?
True
Suppose -8*d - 1607245 + 7593573 = 0. Is d a prime number?
False
Let k(d) be the second derivative of d**4 - 6*d**3 + 7*d**2/2 + 13*d. Is k(-15) a composite number?
True
Let y = 12923 + 55874. Is y a prime number?
False
Suppose -2*q + 2 = 0, 14*q = -5*g + 9*q + 25. Suppose r - 5898 = -x, -5*r + 29495 = -0*r + g*x. Is r prime?
True
Let y be 1/(-2) - (-3030)/4. Let q = -434 + y. Let n = 510 - q. Is n prime?
False
Let t = 521 - 279. Suppose -1895 = -247*p + t*p. Is p composite?
False
Let k(l) = -1590*l - 1. Let m be 2 + (-1)/(1/1). Let t be (1 + m)*(-3 - (-30)/12). Is k(t) prime?
False
Suppose -4*f = 4*n - 2*n + 32, 5*n + 3*f + 45 = 0. Is (-103738)/n - (40/24 + -3) composite?
False
Let o = -13265 - -58318. Is o composite?
False
Let q be 4 + 1 - (5 - (-25)/(-5)). Suppose q*i - 950 = j, -3*i + 5*j - 10 = -558. Is i composite?
False
Let u(o) = -11*o + 33. Let r be u(3). Suppose r = -j + 2*j - 2207. Is j composite?
False
Is 3/(-51) + (-109248)/(-204)*342 a prime number?
True
Let g(o) = -4*o**2 - 31*o - 3. Let q(s) = -8*s**2 - 61*s - 6. Let w(c) = 7*g(c) - 4*q(c). Is w(-34) a composite number?
False
Is 23 + 4238/(-182) + 637146/21 + 1 composite?
False
Let n be -807 - (-4 - -4) - 2. Let b = -536 - n. Suppose -21*y = -24*y + b. Is y a composite number?
True
Suppose 9 = -3*b, -3*u - 4*b = -200637 - 169218. Is u a composite number?
False
Is ((-552)/32)/((-24)/267808) composite?
True
Let j = 136734 - 29741. Is j composite?
False
Is (4 - (11 - 12)) + 7736 prime?
True
Let z = -3683 - -2216. Let p be 3/(-2)*(-14072)/6. Let v = p + z. Is v a composite number?
True
Let p = -344179 + 573848. Is p a composite number?
True
Suppose 0 = -7*l + 39 - 11. Suppose f = l*w + 18721, 4*f - 3*f + 5*w - 18766 = 0. Is f prime?
False
Suppose 8*l + 44672 = 504888. Is l a composite number?
False
Let t(n) = 4*n - 3. Let w be t(-2). Let m(c) = 71 - 26 - 19 + 34*c**2 - c. Is m(w) a composite number?
True
Let d(o) = -13*o**3 + 2*o**2 - 2*o + 1. Let x be d(1). Let b(y) be the second derivative of -5*y**3/6 - 23*y**2/2 + 15*y + 5. Is b(x) prime?
True
Let l = 217695 - 42845. Suppose 44*d + l - 700958 = 0. Is d a prime number?
False
Let b = -35 + 34. Suppose 5*j - 50 = 7*j. Is (b - j/20) + (-11494)/(-8) a composite number?
True
Suppose -28*f = -22 - 90. Suppose 0 = 3*g - f*g + 159. Is g a composite number?
True
Let d(i) = -3*i**3 + 61*i**2 + 312*i - 117. Is d(-67) a prime number?
True
Let z(k) be the third derivative of -61*k**5/10 + k**4/24 - k**3/6 - 12*k**2. Let m be z(1). Let a = 845 + m. Is a a prime number?
True
Suppose -186*t = d - 189*t - 29327, 3*d - t = 87925. Is d composite?
True
Suppose k - 10*k + 27 = 0. Suppose k*j = -3*j + 24. Suppose -2*h + l = -j*h + 283, -4*l = -2*h + 278. Is h a prime number?
False
Suppose -3*n = -132 + 126. Suppose 551 = i - 2*v, 1790 = 5*i - n*v - 989. Is i composite?
False
Suppose -5*f - 960 = 5*j, 0 = -f - 3*f - j - 753. Let p = 581 + f. Suppose -6*a = -p - 548. Is a prime?
True
Let g = -23902 - -325691. Is g composite?
False
Let u(p) = 64*p**2 - 60*p - 87. Is u(14) composite?
False
Suppose -d + 354 = s, -6*d + 10*d = 4*s - 1408. Suppose 3*g - 3*t = 2385, s = 2*g + t - 1249. Is g prime?
False
